Is 5298166291 a prime number?
False
Is 5798316439 prime?
True
Is 6431408773 a composite number?
False
Is 245275829 a composite number?
False
Is 9324657703 a composite number?
False
Is 8735218577 prime?
True
Is 81741889 prime?
True
Is 4341820609 a prime number?
False
Is 134051125681 composite?
True
Is 9680176621 prime?
False
Is 351834937 a prime number?
True
Is 344743579 prime?
True
Is 460907663 composite?
True
Is 1721799007 composite?
True
Is 73741829 a prime number?
False
Is 25220697253 a composite number?
True
Is 3365105461 prime?
False
Is 81496067 composite?
False
Is 330111949 a prime number?
False
Is 14574583687 a prime number?
True
Is 3515258499 composite?
True
Is 15579170623 composite?
False
Is 17960374441 composite?
True
Is 54437295971 prime?
True
Is 58554547 a composite number?
False
Is 28050010481 a prime number?
True
Is 8559192973 a prime number?
True
Is 11124939671 a composite number?
True
Is 306160541 prime?
True
Is 1461996551 prime?
True
Is 6419566633 composite?
False
Is 931624357 composite?
False
Is 1120983937 prime?
False
Is 2500925707 a composite number?
True
Is 9867340895 composite?
True
Is 7356071153 composite?
True
Is 20876149267 composite?
False
Is 183197554823 composite?
True
Is 126922646741 a prime number?
False
Is 1704729829 prime?
False
Is 558785047 prime?
False
Is 257895574153 a composite number?
True
Is 41561694019 a prime number?
False
Is 19143479989 prime?
True
Is 42222531781 composite?
False
Is 1168921981 prime?
True
Is 9483840887 a prime number?
True
Is 26621150123 a prime number?
True
Is 194065229 prime?
False
Is 23914886371 a prime number?
True
Is 20364519853 a prime number?
False
Is 1553216983 prime?
True
Is 26690371 prime?
True
Is 1656131209 prime?
True
Is 26549406551 a prime number?
True
Is 34436498281 composite?
False
Is 1681349737 a composite number?
True
Is 4077693031 prime?
False
Is 9441482987 a prime number?
True
Is 107526667 a prime number?
True
Is 4729220659 composite?
True
Is 2427190243 composite?
False
Is 15932377037 a composite number?
False
Is 38474695739 composite?
False
Is 3030678841 a prime number?
False
Is 28996929191 prime?
True
Is 482059003 composite?
False
Is 14162255069 composite?
False
Is 143788537283 a prime number?
True
Is 913257749 a composite number?
False
Is 267848213 composite?
False
Is 130864381 prime?
False
Is 3776949191 composite?
False
Is 49695868369 prime?
False
Is 10788423691 a prime number?
True
Is 21661276771 prime?
True
Is 93066458399 a prime number?
True
Is 234218100913 a prime number?
False
Is 286193121 prime?
False
Is 228268415 composite?
True
Is 613220581 a composite number?
False
Is 567816841 a composite number?
False
Is 597613402 a composite number?
True
Is 100947079594 a prime number?
False
Is 18522106607 composite?
False
Is 8470261153 composite?
False
Is 8764321061 prime?
True
Is 11778289417 a prime number?
True
Is 26349323971 composite?
False
Is 47214837053 composite?
False
Is 13427314403 prime?
True
Is 9891319 a prime number?
True
Is 1666544479 composite?
True
Is 1400900383 a prime number?
True
Is 709556305 a prime number?
False
Is 7000131521 a composite number?
False
Is 65274739 prime?
True
Is 1469632951 a composite number?
True
Is 24796149233 a composite number?
False
Is 3553201129 a composite number?
True
Is 12333045567 composite?
True
Is 297693593 prime?
False
Is 4408697729 a prime number?
True
Is 20214691597 composite?
False
Is 6262997 prime?
False
Is 9352333409 a prime number?
True
Is 12636083143 composite?
False
Is 166439935765 prime?
False
Is 38628903977 a prime number?
True
Is 7431872351 a composite number?
True
Is 588274537 a prime number?
True
Is 2206593661 a prime number?
True
Is 20342084977 composite?
False
Is 49439811651 a prime number?
False
Is 700872877 a composite number?
False
Is 11934728479 a prime number?
True
Is 184909261 a prime number?
True
Is 23815732009 composite?
True
Is 664353757 composite?
False
Is 16668791611 prime?
False
Is 2390473153 prime?
True
Is 35591976257 composite?
False
Is 1873678039 composite?
True
Is 42338099607 composite?
True
Is 894808631 a composite number?
True
Is 2428959083 a prime number?
True
Is 2762361559 a prime number?
False
Is 13252840102 a prime number?
False
Is 1426940803 prime?
True
Is 27388522437 prime?
False
Is 4040618133 composite?
True
Is 39196522111 a prime number?
True
Is 88479310537 prime?
True
Is 25819052989 a composite number?
False
Is 21982938937 a prime number?
False
Is 11319769169 a composite number?
False
Is 213030359 a prime number?
True
Is 10102481941 prime?
True
Is 1195434833 composite?
True
Is 1146901333 a prime number?
True
Is 2755706249 composite?
True
Is 12384911713 composite?
True
Is 9494636573 a prime number?
True
Is 32503172501 composite?
False
Is 24987672769 composite?
False
Is 33953393885 a composite number?
True
Is 1148955853 prime?
False
Is 1916873009 prime?
True
Is 99678987223 a composite number?
False
Is 368315401 a composite number?
False
Is 7103674559 prime?
True
Is 13832747921 a prime number?
False
Is 4145142947 a composite number?
True
Is 5317951811 prime?
True
Is 2657872757 a composite number?
False
Is 4819667269 a composite number?
True
Is 9510723293 composite?
True
Is 494827042 composite?
True
Is 3863182055 composite?
True
Is 7003426499 prime?
True
Is 3248645797 a prime number?
True
Is 7537920911 a composite number?
True
Is 126496202251 a composite number?
False
Is 3782515151 prime?
True
Is 105534211 prime?
True
Is 242323633 a prime number?
False
Is 18162317813 prime?
True
Is 1847247569 a composite number?
False
Is 17032132621 prime?
False
Is 1016046853 composite?
True
Is 156724927 a composite number?
False
Is 416372771 composite?
False
Is 19082291 prime?
True
Is 905504713 a composite number?
False
Is 31353841 a composite number?
True
Is 39614445763 prime?
False
Is 787158641 prime?
True
Is 14632851941 prime?
True
Is 845548129 a prime number?
True
Is 6780997306 a composite number?
True
Is 4492773413 composite?
True
Is 33027246319 composite?
False
Is 23816396953 composite?
False
Is 25681815781 a prime number?
False
Is 11493431 a composite number?
False
Is 1334839559 prime?
False
Is 46639629139 prime?
True
Is 22788042191 a prime number?
False
Is 558092790149 a composite number?
False
Is 18529781273 prime?
True
Is 1090682657 prime?
False
Is 821603383 prime?
False
Is 47380848289 composite?
True
Is 863805739 prime?
True
Is 337352557 a composite number?
False
Is 5449478765 a prime number?
False
Is 92407547 a composite number?
False
Is 513001591 prime?
False
Is 58184267171 a prime number?
True
Is 49046930713 composite?
True
Is 74406503 prime?
False
Is 6483870511 a prime number?
True
Is 50874857 composite?
True
Is 6686262509 prime?
False
Is 879432563 a prime number?
False
Is 984453793 a prime number?
False
Is 2535392897 composite?
False
Is 221931455 a prime number?
False
Is 1577142893 composite?
True
Is 82993319173 a composite number?
False
Is 6691458157 a prime number?
True
Is 1965394427 composite?
False
Is 3298745273 a prime number?
False
Is 6121053361 prime?
True
Is 899266471 prime?
False
Is 6969119863 composite?
True
Is 70124671 a composite number?
True
Is 15115116667 a prime number?
False
Is 41964201541 prime?
False
Is 2403331583 a composite number?
False
Is 132619997 a prime number?
True
Is 16464540691 a composite number?
False
Is 178883972053 prime?
True
Is 146258830819 composite?
True
Is 10824351238 a composite number?
True
Is 403265183 a composite number?
True
Is 34023526133 a prime number?
False
Is 56843317 a prime number?
True
Is 28746097411 prime?
True
Is 8177521979 a composite number?
True
Is 19140055307 a composite number?
True
Is 1502125721 a prime number?
False
Is 64522088083 a composite number?
True
Is 340916647 composite?
False
Is 31721795639 composite?
False
Is 2442804839 a prime number?
False
Is 236700169 composite?
False
Is 54054659 a prime number?
False
Is 19475581673 a prime number?
False
Is 6086865887 a composite number?
True
Is 1594797817 a composite number?
False
Is 27520819985 composite?
True
Is 12660315879 a composite number?
True
Is 5130295841 a prime number?
False
Is 704309447 a prime number?
True
Is 575507921 composite?
False
Is 1251157577 a prime number?
True
Is 5789771959 prime?
True
Is 108198310747 a prime number?
True
Is 192878839 composite?
Fals